atest common factor of 2 and 268177502?
2
Calculate the highest common divisor of 6585810 and 1980.
330
What is the highest common divisor of 6045 and 10779600?
195
What is the highest common divisor of 176084815 and 1325?
265
Calculate the highest common divisor of 80553049 and 57779.
3041
Calculate the greatest common factor of 10837360 and 160.
80
What is the highest common divisor of 157447884 and 3410?
682
Calculate the greatest common divisor of 28195336 and 10296.
104
Calculate the highest common factor of 1445 and 877982.
289
Calculate the highest common divisor of 106329996 and 97578.
7506
What is the greatest common factor of 107457093 and 522?
261
Calculate the highest common divisor of 169780637 and 12388.
3097
Calculate the highest common factor of 1367688 and 58947.
147
What is the greatest common divisor of 55404 and 16036?
76
Calculate the highest common factor of 2934 and 13605447.
489
What is the highest common factor of 143820684 and 6?
6
Calculate the highest common divisor of 3917211 and 2451.
57
What is the highest common divisor of 876520 and 2640?
40
What is the highest common factor of 300237 and 378?
21
What is the greatest common divisor of 170 and 3270290?
170
What is the greatest common factor of 2268400 and 33170?
1070
Calculate the greatest common divisor of 1561 and 1092637.
7
Calculate the greatest common divisor of 29241498 and 40976.
5122
Calculate the highest common factor of 116461085 and 91.
13
What is the greatest common factor of 11120001 and 593700?
5937
Calculate the highest common divisor of 110132439 and 13369.
461
Calculate the highest common factor of 85012257 and 51.
51
What is the greatest common divisor of 5343807 and 61579?
133
What is the greatest common divisor of 204617 and 763?
7
What is the greatest common divisor of 677401 and 4061?
131
What is the greatest common divisor of 12058168 and 8024?
136
What is the highest common factor of 13286 and 179634?
182
What is the greatest common divisor of 11246589 and 9?
9
What is the highest common factor of 832 and 149674512?
208
What is the greatest common factor of 1810392 and 6560?
8
What is the greatest common factor of 205 and 8801921?
41
Calculate the greatest common factor of 63 and 1771210.
7
What is the greatest common factor of 809 and 192152871?
809
What is the greatest common divisor of 14892 and 242454?
102
What is the greatest common divisor of 501605 and 975?
65
Calculate the highest common factor of 4230360 and 432.
216
What is the greatest common divisor of 1564 and 25323184?
92
What is the greatest common divisor of 461480 and 21082?
166
What is the highest common factor of 577702 and 28?
2
What is the greatest common divisor of 2829216 and 4212?
156
Calculate the highest common factor of 11296033 and 1435.
287
Calculate the highest common factor of 4298 and 8254309.
2149
What is the highest common divisor of 19703732 and 184?
92
What is the greatest common factor of 4251 and 35964877?
1417
What is the highest common divisor of 2458224 and 27477?
387
What is the greatest common factor of 2003230047 and 273?
273
What is the greatest common divisor of 2902 and 3424?
2
What is the highest common divisor of 3541283 and 447?
149
Calculate the highest common divisor of 202745 and 3563597.
943
What is the greatest common divisor of 124208 and 52024?
56
Calculate the highest common factor of 82069 and 1014039.
1391
What is the highest common factor of 69897766 and 2246?
2246
Calculate the highest common factor of 184437 and 371151.
2277
Calculate the greatest common divisor of 19793655 and 3.
3
What is the greatest common divisor of 244 and 123440881?
61
What is the highest common divisor of 3130556 and 44?
44
Calculate the greatest common factor of 5440 and 1776491840.
5440
Calculate the highest common factor of 372 and 52264512.
372
Calculate the highest common divisor of 574992 and 87076.
44
What is the highest common factor of 5811680 and 10?
10
Calculate the highest common divisor of 130 and 30139850.
130
What is the greatest common divisor of 25569 and 656532?
27
What is the greatest common divisor of 94 and 23065250?
94
What is the highest common divisor of 1029184666 and 6004?
3002
Calculate the greatest common divisor of 67668650 and 14.
14
Calculate the highest common factor of 3980119 and 2132.
13
Calculate the greatest common divisor of 5685500 and 1000.
500
What is the greatest common divisor of 18196759 and 4179?
1393
Calculate the highest common divisor of 48 and 14163288.
24
What is the highest common factor of 55200980 and 40?
20
Calculate the greatest common factor of 2605442 and 301.
7
What is the highest common factor of 6344 and 5186403976?
6344
Calculate the highest common factor of 20775381 and 781.
781
What is the highest common divisor of 1428450 and 29960?
1070
What is the highest common factor of 268 and 390180664?
268
Calculate the greatest common factor of 1728771 and 1749.
33
What is the greatest common factor of 850054086 and 252?
126
What is the greatest common divisor of 1680 and 233107?
7
What is the greatest common divisor of 838223 and 1381129?
2983
Calculate the highest common divisor of 56 and 4188506.
14
What is the greatest common factor of 12445794 and 12?
6
What is the greatest common divisor of 575736 and 7044072?
3864
What is the highest common factor of 8386508 and 848?
212
Calculate the highest common divisor of 5361 and 4236977.
1787
Calculate the highest common factor of 128484 and 165636.
1548
Calculate the greatest common divisor of 940 and 7345912.
188
What is the greatest common divisor of 624 and 7512180?
156
Calculate the greatest common divisor of 5265 and 632057985.
5265
What is the greatest common factor of 730 and 3112063?
73
Calculate the greatest common factor of 9637 and 21698753.
419
What is the greatest common factor of 7158158 and 679?
7
What is the greatest common factor of 2261980 and 34881?
1057
Calculate the highest common divisor of 550 and 5896.
22
Calculate the highest common divisor of 68 and 17935323.
17
What is the greatest common divisor of 3228 and 76863?
3
What is the highest common factor of 94 and 82518276?
94
What is the greatest common divisor of 60 and 24644610?
30
What is the highest common divisor of 3138053 and 29552?
1847
Calculate the highest common factor of 42576649 and 53.
53
Calculate the greatest common divisor of 16717932 and 4620.
924
Calculate the highest common divisor of 1786 and 34632326.
1786
Calculate the highest common factor of 48 and 32578432.
16
What is the highest common divisor of 3 and 1407906384?
3
What is the greatest common divisor of 2409120 and 561120?
3360
What is the highest common divisor of 200 and 60428275?
25
What is the greatest common divisor of 147008 and 86904698?
4594
What is the greatest common divisor of 1359086 and 8606?
662
What is the highest common factor of 550 and 293007550?
550
Calculate the greatest common factor of 201 and 3692839.
67
Calculate the greatest common factor of 102770 and 22315430.
2390
Calculate the highest common factor of 780 and 3399539.
13
What is the greatest common divisor of 37940982 and 12?
6
What is the highest common divisor of 3050 and 38237240?
610
Calculate the highest common factor of 12 and 1838439.
3
Calculate the highest common factor of 4349534 and 14616.
14
Calculate the greatest common factor of 260 and 456359852.
52
What is the highest common factor of 69271499 and 22?
11
Calculate the highest common factor of 70 and 1572578.
14
What is the highest common divisor of 17989998 and 4636?
2318
Calculate the highest common factor of 1140383873 and 433.
433
What is the highest common factor of 7442620 and 60?
20
Calculate the highest common divisor of 165 and 4097885.
55
What is the highest common factor of 32783839 and 157304?
2809
Calculate the greatest common divisor of 66585520 and 4960.
2480
What is the highest common divisor of 152619089 and 7?
7
Calculate the highest common factor of 6140 and 51320.
20
Calculate the highest common factor of 251751697 and 1769.
1769
Calculate the greatest common factor of 714 and 3792642.
42
Calculate the highest common divisor of 16697454 and 8445.
1689
Calculate the highest common factor of 65177618 and 2662.
242
What is the highest